{"id":647,"date":"2012-10-22T20:37:11","date_gmt":"2012-10-22T20:37:11","guid":{"rendered":"http:\/\/scriebine.ro\/?page_id=647"},"modified":"2019-11-27T12:03:06","modified_gmt":"2019-11-27T12:03:06","slug":"bonus-la-inscriere","status":"publish","type":"page","link":"https:\/\/scriebine.ro\/?page_id=647","title":{"rendered":"Bonus pentru abona\u021bi"},"content":{"rendered":"<p>Salut!<\/p>\n<p>De c\u00e2nd s-a lansat <a href=\"https:\/\/scriebine.ro\/\">https:\/\/scriebine.ro\/<\/a>, zilnic am primit mesaje cu felicit\u0103ri, dar \u0219i cu diverse nel\u0103muriri. Ceea ce a fost o surpriz\u0103 pentru mine. La \u00eenceput, nimeni nu prea credea \u00een ideea mea, dar, pas cu pas, cei interesa\u021bi au \u00eenceput s\u0103 apar\u0103. \u00centr-un timp at\u00e2t de scurt, am primit at\u00e2t de multe mesaje, \u00eenc\u00e2t mi-am f\u0103cut un tabel \u0219i am scris toate dilemele lingvistice.<\/p>\n<p>Dac\u0103 \u00eenc\u0103 nu \u021bi-am spus c\u0103 \u00eemi plac oamenii care vor \u00een permanen\u021b\u0103 s\u0103-\u0219i \u00eembun\u0103t\u0103\u021beasc\u0103 anumite aspecte ale vie\u021bii, afli acum. To\u021bi cei care s-au \u00eenscris \u00eemi sunt dragi. \u00cencepem s\u0103 devenim prieteni.<\/p>\n<p><strong>\u0218i m-am hot\u0103r\u00e2t s\u0103 le dau un bonus drept mul\u021bumire c\u0103 s-au \u00eenscris,care \u00eencepe a\u0219a:\u00a0<\/strong><\/p>\n<div>\n<ul>\n<li><em><span style=\"font-size: medium;\">\u201eA\u0219 vrea s\u0103-\u021bi trimit c\u00e2teva ponturi (altele dec\u00e2t cele scrise pe blog) \u00een ceea ce prive\u0219te secretele felului cum scrii \u0219i cum te exprimi, subtilit\u0103\u021bi pe care nu oricine le percepe, gre\u0219eli pe care eu le \u00eent\u00e2lnesc foarte des.\u201d<\/span><\/em><\/li>\n<\/ul>\n<\/div>\n<div><span style=\"font-size: medium;\"><span style=\"line-height: 24px;\">O s\u0103-\u021bi dau dou\u0103 exemple:<\/span><\/span><\/div>\n<div><\/div>\n<div>\n<ul>\n<li><strong>al\u021bi sau al\u021bii?<\/strong><\/li>\n<li><strong>a prinde \u00een flagrant sau a prinde \u00een flagrant delict?<\/strong><\/li>\n<\/ul>\n<p>Ei, dup\u0103 lansarea acestei provoc\u0103ri din partea mea, r\u0103spunsul a fost extraordinar.<\/p>\n<p>Din cauza lipsei de spa\u021biu, o s\u0103-\u021bi dau doar c\u00e2teva detalii despre ce se \u00eent\u00e2mpl\u0103 \u00een spatele cortinei blogului <a href=\"https:\/\/scriebine.ro\/\">https:\/\/scriebine.ro\/<\/a>:<\/p>\n<p><em>\u201eSuper! De multe ori m\u0103 \u00eempiedicam de ele, \u0219i chiar nu \u0219tiam care e forma corect\u0103, a\u0219a c\u0103 le scriam cam la nimereal\u0103.\u201d<\/em>\u00a0(Evelina)<\/p>\n<p><em>\u201eMersi pentru mail-uri \u0219i te rog s\u0103 \u00eemi mai trimi\u021bi de \u00eendat\u0103 c\u00e2nd ai noi l\u0103muriri\/cazuri\/exemple de a\u0219a da\/a\u0219a nu \ud83d\ude42 Sunt foarte folositoare \u0219i eliberatoare, ce-i mai frumos dec\u00e2t zborul lin \u0219i \u00eencrez\u0103tor printre sau pe aripi din cuvinte?\u201d (Rare\u0219)<\/em><\/p>\n<p><em>\u201eDa, mi se pare foarte util\u0103 \u0219i concis\u0103 aceast\u0103 abordare&#8230; Mult spor \u00een acest lucru minunat pe care \u00eel \u00eentreprinzi. Numai bine!\u201d (darklight)<\/em><\/p>\n<p>V\u0103 mul\u021bumesc tuturor pentru sus\u021binere. Dac\u0103 ne adun\u0103m for\u021bele, chiar putem face primul pas c\u0103tre schimbare!<\/p>\n<p>Cu drag,<\/p>\n<p>Vio<\/p>\n<\/div>\n<div><\/div>\n<div><\/div>\n","protected":false},"excerpt":{"rendered":"<p>Salut! De c\u00e2nd s-a lansat https:\/\/scriebine.ro\/, zilnic am primit mesaje cu felicit\u0103ri, dar \u0219i cu diverse nel\u0103muriri. Ceea ce a fost o surpriz\u0103 pentru mine. La \u00eenceput, nimeni nu prea credea \u00een ideea mea, dar, pas cu pas, cei interesa\u021bi au \u00eenceput s\u0103 apar\u0103. \u00centr-un timp at\u00e2t de scurt, am primit at\u00e2t de multe mesaje, [&hellip;]<\/p>\n","protected":false},"author":110,"featured_media":0,"parent":0,"menu_order":0,"comment_status":"open","ping_status":"closed","template":"","meta":{"zakra_sidebar_layout":"customizer","zakra_remove_content_margin":false,"zakra_sidebar":"customizer","zakra_transparent_header":"customizer","zakra_logo":0,"zakra_main_header_style":"default","zakra_menu_item_color":"","zakra_menu_item_hover_color":"","zakra_menu_item_active_color":"","zakra_menu_active_style":"","zakra_page_header":true},"yoast_head":"<!-- This site is optimized with the Yoast SEO plugin v14.0.2 - https:\/\/yoast.com\/wordpress\/plugins\/seo\/ -->\n<title>Bonus pentru abona\u021bi - Scrie bine<\/title>\n<meta name=\"robots\" content=\"index, follow\" \/>\n<meta name=\"googlebot\" content=\"index, follow, max-snippet:-1, max-image-preview:large, max-video-preview:-1\" \/>\n<meta name=\"bingbot\" content=\"index, follow, max-snippet:-1, max-image-preview:large, max-video-preview:-1\" \/>\n<link rel=\"canonical\" href=\"https:\/\/scriebine.ro\/?page_id=647\" \/>\n<meta property=\"og:locale\" content=\"ro_RO\" \/>\n<meta property=\"og:type\" content=\"article\" \/>\n<meta property=\"og:title\" content=\"Bonus pentru abona\u021bi - Scrie bine\" \/>\n<meta property=\"og:description\" content=\"Salut! De c\u00e2nd s-a lansat https:\/\/scriebine.ro\/, zilnic am primit mesaje cu felicit\u0103ri, dar \u0219i cu diverse nel\u0103muriri. Ceea ce a fost o surpriz\u0103 pentru mine. La \u00eenceput, nimeni nu prea credea \u00een ideea mea, dar, pas cu pas, cei interesa\u021bi au \u00eenceput s\u0103 apar\u0103. \u00centr-un timp at\u00e2t de scurt, am primit at\u00e2t de multe mesaje, [&hellip;]\" \/>\n<meta property=\"og:url\" content=\"https:\/\/scriebine.ro\/?page_id=647\" \/>\n<meta property=\"og:site_name\" content=\"Scrie bine\" \/>\n<meta property=\"article:modified_time\" content=\"2019-11-27T12:03:06+00:00\" \/>\n<script type=\"application\/ld+json\" class=\"yoast-schema-graph\">{\"@context\":\"https:\/\/schema.org\",\"@graph\":[{\"@type\":\"WebSite\",\"@id\":\"https:\/\/scriebine.ro\/#website\",\"url\":\"https:\/\/scriebine.ro\/\",\"name\":\"Scrie bine\",\"description\":\"Acord\\u0103 aten\\u0163ie modului \\u00een care te exprimi.\",\"potentialAction\":[{\"@type\":\"SearchAction\",\"target\":\"https:\/\/scriebine.ro\/?s={search_term_string}\",\"query-input\":\"required name=search_term_string\"}],\"inLanguage\":\"ro-RO\"},{\"@type\":\"WebPage\",\"@id\":\"https:\/\/scriebine.ro\/?page_id=647#webpage\",\"url\":\"https:\/\/scriebine.ro\/?page_id=647\",\"name\":\"Bonus pentru abona\\u021bi - Scrie bine\",\"isPartOf\":{\"@id\":\"https:\/\/scriebine.ro\/#website\"},\"datePublished\":\"2012-10-22T20:37:11+00:00\",\"dateModified\":\"2019-11-27T12:03:06+00:00\",\"inLanguage\":\"ro-RO\",\"potentialAction\":[{\"@type\":\"ReadAction\",\"target\":[\"https:\/\/scriebine.ro\/?page_id=647\"]}]}]}<\/script>\n<!-- \/ Yoast SEO plugin. -->","_links":{"self":[{"href":"https:\/\/scriebine.ro\/index.php?rest_route=\/wp\/v2\/pages\/647"}],"collection":[{"href":"https:\/\/scriebine.ro\/index.php?rest_route=\/wp\/v2\/pages"}],"about":[{"href":"https:\/\/scriebine.ro\/index.php?rest_route=\/wp\/v2\/types\/page"}],"author":[{"embeddable":true,"href":"https:\/\/scriebine.ro\/index.php?rest_route=\/wp\/v2\/users\/110"}],"replies":[{"embeddable":true,"href":"https:\/\/scriebine.ro\/index.php?rest_route=%2Fwp%2Fv2%2Fcomments&post=647"}],"version-history":[{"count":0,"href":"https:\/\/scriebine.ro\/index.php?rest_route=\/wp\/v2\/pages\/647\/revisions"}],"wp:attachment":[{"href":"https:\/\/scriebine.ro\/index.php?rest_route=%2Fwp%2Fv2%2Fmedia&parent=647"}],"curies":[{"name":"wp","href":"https:\/\/api.w.org\/{rel}","templated":true}]}}